inder when r is divided by 1?
0
Let u = -24 + 8. Let m = 31 + u. Calculate the remainder when 27 is divided by m.
12
Let m = -69 - 2. Let f = -49 - m. Calculate the remainder when f is divided by 8.
6
Let s be 2 - (-1 + -1 + 0). Suppose i = s*i. Suppose i*d + 128 = 4*d. Calculate the remainder when d is divided by 11.
10
Calculate the remainder when ((-2)/3)/(1/(-60)) is divided by 11.
7
Let m = -85 - -191. Calculate the remainder when m is divided by 36.
34
Suppose 5*j - q - 72 = 0, 4*j = -4*q + 10 + 38. Calculate the remainder when 26 is divided by j.
12
What is the remainder when ((356/(-3))/2)/((-14)/21) is divided by 10?
9
Let c(y) = y**2 + y - 3. Let k be c(-3). Suppose -k*w + 182 = -3*a + 41, -w = -2*a - 51. What is the remainder when w is divided by 22?
21
Suppose 0 = -3*s + s. Suppose s = -p - 0*p + 17. What is the remainder when 33 is divided by p?
16
Suppose 5*t = 6 - 21. Let n(j) = j**3 + 3*j**2 - 4*j - 4. Suppose 4*q = 3*b - 110, 4*b - 2*q = 2*q + 140. What is the remainder when b is divided by n(t)?
6
What is the remainder when 32 is divided by 1 + -2 + 0 + 12?
10
Suppose 2*k - 69 = 91. Calculate the remainder when k is divided by 27.
26
Let y = 46 + -19. Suppose -4*l + 12*l = 112. Calculate the remainder when y is divided by l.
13
Let d(b) = -6*b + 4. Let a(r) = r + 6. Calculate the remainder when d(-5) is divided by a(6).
10
Let l = 92 - 34. What is the remainder when l is divided by 15?
13
Suppose 3*y + 42 = 2*v, y + 5 = -2*v + 47. Calculate the remainder when v is divided by 12.
9
Suppose -2*u + 84 = -4*c, -4*u = -u + 4*c - 76. Let r = 3 + u. What is the remainder when r is divided by 13?
9
Let x = -17 - -4. Let q = x + 29. Let t = q - -7. What is the remainder when t is divided by 8?
7
Calculate the remainder when 62 is divided by 90/(-18) - 58/(-2).
14
Suppose 0 = -2*q - 3*q + 100. Calculate the remainder when (-513)/18*(-2 - (2 - 2)) is divided by q.
17
Suppose 7*k - 3*k + 211 = f, 51 = -k + 2*f. Let y = -16 - k. Suppose 0 = -10*t - 43 + 173. Calculate the remainder when y is divided by t.
11
Let d be (162/36)/(1/2). Let a = d + -2. What is the remainder when 20 is divided by a?
6
Calculate the remainder when 30/1 + -3 + 6 is divided by 12.
9
Suppose 2*v - 286 = -0*v - 2*a, -3*a + 291 = 2*v. What is the remainder when v is divided by 35?
33
Calculate the remainder when 104 is divided by (-56)/(-3) - (-4)/(-6).
14
Let u = 40 - 19. Suppose 2*p = 53 - u. What is the remainder when 61 is divided by p?
13
Suppose 2*w + 2*q - 32 = w, 3*w - 120 = 2*q. Let c = 36 + -18. Suppose c = n + 5*b - 10*b, -2*n = 2*b - 24. What is the remainder when w is divided by n?
12
Suppose 78 = 11*v - 131. What is the remainder when 72 is divided by v?
15
What is the remainder when (3/((-9)/(-6)))/(3/54) is divided by 8?
4
Let w = 86 + -38. Calculate the remainder when 15 is divided by (3/2)/(9/w).
7
Suppose 6 = 5*t - 14. Let f(u) = -4*u**2 + 5*u - 3. Let p be f(t). Calculate the remainder when p/(-3) - (-1)/3 is divided by 9.
7
Let f = 9 - 7. Suppose 5*x + f*v = 204, 2*x + 3*x + 5*v = 210. Calculate the remainder when x is divided by 2/(-3) - 44/(-3).
12
Let j(t) = -6*t + 8. Let v(f) = -3*f + 4. Let c(s) = -2*j(s) + 5*v(s). Calculate the remainder when c(-4) is divided by 9.
7
Let y = -17 - -19. Calculate the remainder when 7 is divided by y.
1
Suppose -2*t + 333 = 2*m - t, -2*m + 2*t = -324. Suppose 5*q + 2*y = m, 0 = -y + 6*y. What is the remainder when q is divided by 9?
6
Suppose 4*o - 6 = 5*r, 2*r + 4*o = 5*r + 10. What is the remainder when 6 is divided by r?
0
Suppose 3*r + 6 = 42. What is the remainder when 3 + (5 - 3 - 3) + 19 is divided by r?
9
Let o(h) = h**2 + 4*h + 15. Let n be o(-6). Calculate the remainder when (29/3)/(9/n) is divided by 16.
13
Let s(d) = -56*d**3 + 35*d - 35*d. Suppose 27 = 2*b - 11. Calculate the remainder when s(-1) is divided by b.
18
Let p = -4 - -7. Suppose 0*b + p*y = -3*b + 24, 0 = -3*y - 9. What is the remainder when 21 is divided by b?
10
Suppose 2*a - 4 + 2 = 0. Let d = a + 7. Calculate the remainder when 22 is divided by d.
6
Let u be -1 - (-13 - (1 + -2)). Let o = -5 + u. What is the remainder when 22 is divided by o?
4
Suppose -2*w + 6*w = 120. Let l = w - 10. Calculate the remainder when l is divided by 11.
9
Suppose 59 = 4*h + 19. What is the remainder when h is divided by 3?
1
Suppose -2*t + 14 = -12. Calculate the remainder when 24 is divided by t.
11
Let g(l) = l - 1. Let m be g(-3). Let b be (-1 - m*1) + 0. Suppose -j + 11 = n - 4*j, -3*j - 21 = -b*n. What is the remainder when 14 is divided by n?
4
Suppose -2*u = -4*u. Suppose u = -0*i + i - 5*s - 34, -4*i - 2*s + 48 = 0. Let o = 92 + -51. What is the remainder when o is divided by i?
13
Calculate the remainder when (-12)/(-8)*(-4)/(-2) is divided by 3.
0
What is the remainder when ((-12)/(-4) - 29)/(-2) + -3 is divided by 6?
4
Suppose 5*x + 5*m - 45 = 0, -3*m - 15 - 3 = -2*x. Let t = -13 - -48. Let u = 52 - t. What is the remainder when u is divided by x?
8
Let q = -333 - -570. What is the remainder when q is divided by 60?
57
Suppose g - 4*x = 24 + 8, 5*g - 68 = -3*x. Let o = 8 + -4. Suppose -5*r = -o*r - 31. What is the remainder when r is divided by g?
15
Suppose -r - p + 114 = 0, p + p + 332 = 3*r. What is the remainder when r is divided by 23?
20
Let w(x) = 5*x - 29. What is the remainder when w(8) is divided by 8?
3
Let h(b) = 2*b**2 + 4*b - 31. What is the remainder when h(-9) is divided by 9?
5
Suppose -2 - 4 = -2*m. Suppose i + 5*u = 18 - 4, 24 = i + m*u. What is the remainder when i is divided by 14?
11
Let f(g) = -2*g + 7. Suppose 4*x + 30 = -x. Calculate the remainder when f(x) is divided by 11.
8
Let j(p) = 2 - 4*p + 4 - 4. Let k(v) = v**2 - v - 2. Calculate the remainder when j(-4) is divided by k(-3).
8
Let g(k) = -8*k + 1. Let j = -138 + 81. Let q = j - -107. Calculate the remainder when q is divided by g(-2).
16
Suppose 3*h = 2 + 19. Let t be (-34)/4 - (-2)/4. What is the remainder when h is divided by ((-6)/4)/(3/t)?
3
Let l = 14 - 11. Let c(x) = 8*x - 6. Calculate the remainder when 52 is divided by c(l).
16
Suppose -506 = 6*g - 17*g. What is the remainder when g is divided by 25?
21
Suppose -z - 3*o = -3*z + 35, -79 = -5*z - o. Calculate the remainder when 46 is divided by z.
14
Let u = 4 + -4. Suppose u = 5*o - 53 - 57. What is the remainder when o is divided by 8?
6
Let o = 250 - 247. Let q = 1 - -4. Calculate the remainder when q is divided by o.
2
Let a(t) = -3*t + 1. Let n be a(-2). Let g = 19 + n. Calculate the remainder when g is divided by 14.
12
Suppose 67*s + 275 = 72*s. Suppose 0 = -2*z - z + 42. What is the remainder when s is divided by z?
13
Let o(q) = 2*q**3 - 5*q + 2. Let m be o(3). Suppose -3*y + m = -7. What is the remainder when 46 is divided by y?
14
Let r(i) = -23*i + 13. What is the remainder when r(-3) is divided by 21?
19
Suppose 2*h + h = 0. Suppose -4*b + 212 = -4*v, 5*b + h*b = -4*v + 247. Calculate the remainder when b is divided by 13.
12
Let d(z) = -z**3 + 3*z**2 - 2*z + 3. Let s be d(2). Suppose s*n - 60 + 9 = 0. Calculate the remainder when n is divided by 6.
5
Let l be 4/(-14) + 3384/84. Let b = 2 + 0. Suppose 6*q = b*q + l. What is the remainder when q is divided by 6?
4
Let j(f) = f + 6. Let m(l) = 2*l + 11. Let c(o) = -7*j(o) + 4*m(o). Let u be c(-5). What is the remainder when (-1)/u + (-160)/(-15) is divided by 4?
3
Let y be 2/(-4) - (-55)/10. Let t be (-1)/(-1)*y + -3. Suppose 0*l - 3*l + g + 92 = 0, t*g + 10 = 0. Calculate the remainder when l is divided by 10.
9
Let s = 19 - 16. Calculate the remainder when 6 is divided by s.
0
Let a = 7 + 8. Calculate the remainder when 28 is divided by a.
13
Suppose 38 + 43 = 9*f. Calculate the remainder when f is divided by 4.
1
Let c be ((-2)/(-3))/((-1)/18). Let j = 23 + c. Calculate the remainder when 20 is divided by j.
9
Suppose -4*r + 2*p + 29 = r, -3*r + 5*p = -6. Calculate the remainder when r is divided by 2.
1
Let p be -3*(2 + -3 + -1). Let t = 16 - p. Let v(c) = -2*c - 6. What is the remainder when t is divided by v(-6)?
4
Suppose 0*u - 5*u = -10. Suppose u*x + 4*a = -2, 4*x = 5*a + 28 + 20. Calculate the remainder when x is divided by 3.
1
Let k(d) = -3*d + 4. What is the remainder when k(-3) is divided by 1 + 6 - 10/5?
3
What is the